= a + 3*t - 1 - 4. What is g(o)?
3
Suppose 0 = 126*m - 483 + 56 + 49. Let j(h) be the second derivative of 1/6*h**m + 0 + 6*h**2 - h + 1/12*h**4. What is j(0)?
12
Suppose 679 = -302*i + 75. Let a be (4 + 1)*(-6)/(-10). Let l(f) = 3*f**a - 4 - 2*f**2 - 2*f**3 + 1 - 4*f. Calculate l(i).
-11
Let j(h) = -h**2 - 26*h - 52. Let t be (3/1)/(-3) - 21. Calculate j(t).
36
Suppose -3*s + 2*t + 9 = 0, -4*s - 5*t - 3 = -61. Let b(o) = 9*o - 17. Calculate b(s).
46
Suppose -2*j - 1 = -3*j - 2*p, 0 = p - 3. Let u(n) be the second derivative of -1/3*n**4 - 1/20*n**5 + 3*n**2 + 0 + 23*n + 2/3*n**3. Determine u(j).
11
Suppose 5*j + n = -5, -4*j + 3 = -5*n - 22. Suppose -5*a + 8 = c, j = -3*c - 2*a + 2 - 4. Let r(o) = 0*o + 1 + o + 0*o. Determine r(c).
-1
Let u(o) = -o**2 + 29*o - 43. Let q(c) = 27*c**2 - 95*c + 96. Let b be q(1). Give u(b).
-15
Let y(h) = 3*h**2 - 5*h - 9. Let g be y(-3). Let a be (7 - 3) + (2 - 3). Let k(l) = -48*l**3 + 27*l**a + l - 1 + g*l**3. What is k(1)?
12
Suppose -3*u = -5*m + 208, 5*m - 163 = 4*u + 46. Suppose -4*n = -n + 126. Let y = n + m. Let d(z) = 6*z**3 + z**2 - 1. Give d(y).
-6
Let s(q) = 5*q + 66. Suppose 264 = -666*z + 638*z - 72. Determine s(z).
6
Let w = 560 - 554. Suppose -3*f + w*t - 4*t - 8 = 0, -4*f - 9 = -t. Let h(a) = -5*a + 7. Let q(x) = -9*x + 13. Let g(k) = 11*h(k) - 6*q(k). Give g(f).
1
Let k(m) = -m + 4. Suppose 7*j - 8*j + 2 = 0. Suppose -9*f = -j*f - 70. Suppose 2*z - f = 2. Determine k(z).
-2
Let x(g) be the third derivative of -g**5/20 - 5*g**4/3 + g**3 - 9*g**2 + 200*g. Calculate x(-13).
19
Suppose t + 72 = -2*t. Let n = -19 - t. Let d(g) = 1 - n*g + 0*g + g + 3*g + g**2. Calculate d(1).
1
Let g be 0 + 1 + 6/2. Suppose -b - g + 3 = 0. Let n(f) be the second derivative of f**5/20 + f**4/12 + f**2/2 + 5153*f. Determine n(b).
1
Let y(u) be the third derivative of u**5/60 - 7*u**4/24 - u**3/2 + 1553*u**2. Determine y(12).
57
Let v(j) = j**3 - 5*j**2 + 3*j + 5. Let d be (-12 + (-132)/(-9))/(2/(-63)). Let w be 164/42 + (-8)/d. Determine v(w).
1
Let g(a) = -a**2 + 4. Let w = 79 + -138. Let t = 59 + w. Let k be g(t). Let i(n) = 2*n - 6. Calculate i(k).
2
Let b(w) be the first derivative of 3*w**2/2 + 3*w - 3. Suppose -11*t - 46 - 20 = 0. Calculate b(t).
-15
Let u(q) = -q**3 - 12*q**2 - 13*q - 12. Suppose -2*f = -11*f - 9. Let i be ((-99)/(-27))/(f/3). Determine u(i).
10
Let n(i) be the third derivative of -i**5/60 + i**3/6 + 5*i**2. Let r be (-2125)/(-765) - (-4)/18. Give n(r).
-8
Let q(w) = 7*w**2 - 1 + 4*w**2 - 6*w + 15*w**2 + 5*w. Let b(y) = 49*y - 981. Let f be b(20). What is q(f)?
26
Let i = -1238 + 1240. Let w(u) = 4*u**3 + 1. Calculate w(i).
33
Let y(i) = -i**2 - 2*i. Let u(p) = -4*p**2 - 9*p. Let j(l) = -22*l + 328. Let h be j(15). Let q(t) = h*y(t) + u(t). Determine q(-4).
-12
Let a(l) = -131 - 6*l**2 + 79 - l**3 + 5*l - l**3 + 55 - 4*l. Determine a(-3).
0
Suppose 14*o = 12*o - p - 14, -5*p = o - 2. Let u(m) = m + 23. What is u(o)?
15
Let c(j) be the second derivative of -j**4/12 - 8*j**3/3 + 17*j**2/2 + 1713*j. Calculate c(-16).
17
Let v = -175 - -175. Let l(s) = -8*s**2 + v*s**3 + 177 - 14*s - 367 + 183 - s**3. Give l(-6).
5
Let q(o) be the second derivative of 7/6*o**3 + 1/12*o**4 - o**2 + 0 - 4*o. Let x be (-7 + (-28)/(-8))/((-3)/(-6)). What is q(x)?
-2
Let h(k) = k**2 + k - 1. Let n be -4 - (-44)/4 - 5. Let j(z) = -z**2 + 5*z - 5. Let s(r) = n*h(r) + j(r). Determine s(-7).
-7
Let z(c) be the first derivative of -2*c**3/3 - 13*c + 4235. What is z(5)?
-63
Let j(m) = -171*m**2 + 170*m**2 - 12 + 27 + 31 - 16*m. Give j(-19).
-11
Let j(z) be the second derivative of -z**3 + 109*z**2 + 420*z. Calculate j(37).
-4
Let u(o) = 53*o**3 + 139*o**2 - 13*o + 4. Let v(w) = -12*w**3 - 31*w**2 + 3*w - 1. Let i(c) = 2*u(c) + 9*v(c). What is i(1)?
-3
Let h(o) = -10 + 15 - 13*o + 34 + 11*o**2 + 11 - o**3. Give h(10).
20
Let a(g) = -11*g - 4. Let o(i) be the first derivative of 13*i**2/2 + 5*i + 92. Let b(h) = 5*a(h) + 4*o(h). Calculate b(-5).
15
Let q be -4 + -1 + 2 + -2 + 1. Let z(l) = 14*l**2 + 16*l + 40. Let g(b) = -5*b**2 - 5*b - 15. Let c(k) = q*z(k) - 11*g(k). What is c(-12)?
-31
Suppose -2*y = s + 7, -80 = -4*s - 60. Let c(g) = g**3 + 5*g**2 + 6*g - 7. Give c(y).
-79
Let p(z) = -153*z + 69. Let j(q) = -93*q + 34. Let l(d) = -5*j(d) + 3*p(d). What is l(5)?
67
Suppose 7 = 45*g - 52*g. Let p(s) = -21*s - 2. Give p(g).
19
Let b(q) = -1 - 13*q + 4*q - 2*q + 7*q + 5*q. Suppose 78 = -15*h + 2*h. Give b(h).
-7
Suppose -3*p - 3458 = -9056. Suppose 1864*u = p*u. Let k(d) = -7*d + 6. Determine k(u).
6
Let x(p) = 5*p + 1. Let q(g) = g**2 - 34*g - 39. Let t(s) = 2*q(s) + 14*x(s). Determine t(-6).
-4
Let w(k) be the second derivative of -k**5/60 + k**4/6 - 2*k**3/3 + 9*k**2 + 240*k. Let s(c) be the second derivative of w(c). Determine s(12).
-20
Let l(y) = y**2 + y**3 - 3*y**2 - 5*y - 7*y**2 + 4 + 11*y**2. Calculate l(-4).
-8
Let a(x) = x - 17. Let u = 17 - 15. Suppose u*q = 2*g - 12, -5*g + 2*g + 20 = -q. Calculate a(g).
-10
Let u(m) be the third derivative of -151*m**2 + 1/6*m**3 + 7/120*m**6 + 0*m**5 + 0*m + 0 + 1/12*m**4. Let d be ((-1)/1)/((-3)/(-3)). Give u(d).
-8
Suppose -96 = -55*k + 49*k. Suppose 5*d + 41 = 4*m - 0*d, -2*d = 2*m - k. Let q(f) = -f + 20. What is q(m)?
11
Let u(a) = -42*a - 172. Let w be u(-4). Let o(c) = 2*c + 3. Give o(w).
-5
Let m(r) = -2*r - 3. Let f(g) = 3*g. Let j(t) = -2*t**3 - 2*t**2 + 2. Let o be j(-1). Let a be f(o). Suppose -2*h - a = 0, 4*l - 4*h = l + 3. Calculate m(l).
3
Let p(s) = s - 2. Let f be ((-1 - -1) + 36)/((-6)/(-4)). Let c be (-2)/(-5) + f/20*-7. Calculate p(c).
-10
Let p(r) = -r**2 + 97*r - 11. Let x(u) = -u**2 + 201*u - 22. Let h(z) = 13*p(z) - 6*x(z). What is h(8)?
-19
Let b(a) = 3*a**2 + 12*a + 21. Suppose -2*l - 3668*s + 6 = -3671*s, -4*l = -2*s + 4. Give b(l).
12
Let z be 42/(-28)*(-4)/(-18)*-123. Let q(m) = 10 + 87*m**3 - 14*m**2 + m - z*m**3 - 47*m**3. Calculate q(-14).
-4
Let f(z) be the first derivative of -14 + 5/2*z**2 - 1/4*z**4 + 10*z + 2*z**3. Determine f(7).
-4
Let h(p) = 7*p**2 + 23*p - 13. Let m be (-9)/(-18)*-8 + -1. Let a(b) = -6*b**2 - 21*b + 9. Let t(j) = m*h(j) - 6*a(j). Determine t(-8).
-13
Let s(i) = -11*i + 1. Let u be 2/1 + (-2 - 48) + 1. Let w = 51 + u. Let l be -2*2/w + -2 + 4. Calculate s(l).
-10
Let p(z) = -4*z - 25 - 9*z - 15*z**2 - 14*z + 28*z**3 - 29*z**3. Calculate p(-13).
-12
Let c(i) = -i**2 - 16*i + 52. Let y(f) = 6*f**2 + 34*f + 9. Let j be y(-1). Give c(j).
-5
Let h(s) = 259*s + 3. Let y be h(-1). Let l = y - -264. Let r(d) = -d**3 + 9*d**2 - 10*d + 9. Calculate r(l).
-7
Let h(k) = k**2 + k + 2. Suppose 3*j - 135 = -2*x - 0*x, -4*j + 202 = 3*x. Suppose 15*m = 17*m - x. Let i = m - 31. Give h(i).
8
Let o = 6391 - 6389. Let u(g) be the second derivative of g**5/24 - g**4/24 - g**3/3 + 2*g. Let p(v) be the second derivative of u(v). Calculate p(o).
9
Let d(l) = l**2 - 15*l - 29. Suppose -2*a - 4*s = -46, 16*a = 18*a - 3*s - 25. What is d(a)?
5
Suppose -2*u + 209 = 3*n, n - 2*u - 93 = -26. Suppose 0 = -3*r + 2*r + n. Let d(g) = r - 67 - 7*g + 9*g. Calculate d(7).
16
Let u(b) = -2*b - 1. Suppose 0*j = -16*j - 144. Let c be (17 + 150/j)/((-1)/3). Determine u(c).
1
Let b(s) = -s**3 + 16*s**2 - 29*s + 15. Suppose 48*j = -43*j + 1274. Calculate b(j).
1
Suppose w + 9 = -5*s - 9, -w + 17 = -2*s. Let x(r) = -w + 2*r + r - 2*r - 4*r + r. What is x(-10)?
13
Let p(m) = 143*m**2 + 6*m - 35. Let b(g) = -310*g**2 - 12*g + 76. Let q(s) = -6*b(s) - 13*p(s). Suppose 0 = -y - 5*y + 36. What is q(y)?
-1
Let j = -73 - -85. Suppose 31*z - j*z + 57 = 0. Let t be z - 6/4*(-20)/(-30). Let r(i) = -8*i + 1. Calculate r(t).
33
Let k(a) be the second derivative of a**8/672 - a**4/3 + a**3/2 + 117*a. Let y(z) be the third derivative of k(z). Calculate y(1).
10
Let q be 51/(-68) + 7*(-65)/(-20). Let r(m) = -m**3 + 23*m**2 - 28*m + 132. Determine r(q).
0
Let f(j) = j - 2. Let y(z) = -z**3 + 18*z**2 + z - 28. Let g(w) = -w**3 - 16*w**2 - 13*w + 48. Let q be g(-15). Let a be y(q). What is f(a)?
-12
Suppose -19 = 4*v - 6*v - 3*a, -3*v = -4*a + 14. Suppose -4*c + 1 = -3*j + 4*j, -29 = -3*j + c. Let w(y) = -j*y - 2 + 2*y**2 + 12*y - 5*y. What is w(v)?
2
Let j(p) = -2*p**3 + 6*p**2 + p - 5. Let r = -35 - -41. Let g = 10 - r. What is j(g)?
-33
Let h(z) = 0*z - 2*z + 2351*z**2 - 2 -